to base 10
14392
a12 (base 11) to base 8
2307
12411 (base 7) to base 9
4456
Convert -1ac21 (base 13) to base 11.
-36566
What is 14111 (base 5) in base 8?
2204
What is 1252104 (base 6) in base 10?
69160
What is 21331 (base 5) in base 12?
a22
17978 (base 10) to base 4
10120322
Convert -133 (base 11) to base 15.
-a7
Convert -9823 (base 11) to base 5.
-403342
-14555 (base 7) to base 12
-2422
Convert -11110110110 (base 2) to base 16.
-7b6
-10101011111101 (base 2) to base 12
-6451
-456 (base 7) to base 8
-355
Convert 133 (base 15) to base 3.
101010
Convert 715a (base 11) to base 14.
366b
3e54 (base 15) to base 9
20277
Convert 2220 (base 4) to base 6.
440
Convert -220122 (base 4) to base 2.
-101000011010
What is -174 (base 14) in base 11?
-251
111d (base 16) to base 3
20000021
10c2 (base 15) to base 3
11212202
-17439 (base 11) to base 6
-305204
Convert -1311010 (base 4) to base 15.
-2347
What is 542 (base 7) in base 5?
2100
What is -10ab (base 13) in base 6?
-14454
-cd (base 15) to base 16
-c1
1dd5 (base 16) to base 3
101110212
Convert 220452 (base 6) to base 11.
12845
-10121022 (base 3) to base 5
-41002
-221422 (base 5) to base 3
-101121120
-1001111111001110 (base 2) to base 4
-21333032
What is 2302 (base 10) in base 12?
13ba
What is 121312 (base 4) in base 8?
3166
Convert 152 (base 15) to base 11.
255
-122233 (base 4) to base 10
-1711
-202b4 (base 13) to base 11
-3a310
-211313 (base 4) to base 8
-4567
Convert -7c5 (base 14) to base 13.
-91b
f3a (base 16) to base 2
111100111010
What is -309 (base 16) in base 12?
-549
What is -55aa (base 13) in base 3?
-121102100
-18441 (base 9) to base 16
-31d2
-1140 (base 7) to base 14
-220
Convert 846 (base 11) to base 6.
4414
Convert 2681 (base 15) to base 6.
102021
What is -33253 (base 8) in base 15?
-4230
Convert -242 (base 16) to base 6.
-2402
What is 22352 (base 6) in base 7?
12140
-311200 (base 4) to base 6
-23504
What is -1210 (base 8) in base 7?
-1614
108 (base 13) to base 12
129
111020212 (base 3) to base 5
302122
Convert 499a (base 14) to base 13.
5b26
What is -449 (base 11) in base 14?
-2a5
Convert -1441 (base 8) to base 15.
-386
Convert 11111110001 (base 2) to base 7.
5633
101001100000010 (base 2) to base 5
1140000
Convert -110224 (base 5) to base 7.
-14056
100110101001 (base 2) to base 3
10101121
What is 8 (base 12) in base 9?
8
-12663 (base 8) to base 4
-1112303
What is -17876 (base 10) in base 8?
-42724
3121 (base 10) to base 8
6061
What is 1068 (base 15) in base 9?
4678
27 (base 12) to base 13
25
What is 84 (base 12) in base 3?
10201
Convert -4044 (base 5) to base 3.
-201102
What is -12616 (base 10) in base 13?
-5986
What is 1200 (base 13) in base 16?
9e7
3231 (base 6) to base 5
10424
Convert -2187 (base 12) to base 4.
-321313
Convert -432043 (base 7) to base 16.
-1258c
1001001 (base 2) to base 5
243
What is 46740 (base 9) in base 11?
21503
Convert -1665 (base 7) to base 16.
-2ac
Convert 27b8 (base 12) to base 13.
2132
2121011202 (base 3) to base 11
35488
Convert -612 (base 9) to base 12.
-355
Convert 33210 (base 4) to base 8.
1744
What is 4726 (base 8) in base 14?
cbc
101 (base 12) to base 9
171
b42 (base 12) to base 10
1634
-10131 (base 4) to base 11
-23a
What is 10453 (base 8) in base 9?
6023
-559 (base 10) to base 16
-22f
Convert -10001101010 (base 2) to base 16.
-46a
Convert -469 (base 10) to base 3.
-122101
Convert 1407 (base 9) to base 8.
2044
1004123 (base 5) to base 4
3330203
What is -914 (base 14) in base 5?
-24112
Convert -120022 (base 4) to base 10.
-1546
What is -629 (base 11) in base 8?
-1365
1070 (base 11) to base 7
4051
What is 21203 (base 5) in base 10?
1428
Convert 1032 (base 7) to base 6.
1410
Convert -1410311 (base 5) to base 14.
-a715
Convert 1211102 (base 5) to base 8.
54174
Convert -333a (base 11) to base 3.
-20000221
2302 (base 8) to base 16
4c2
What is -394a (base 11) in base 5?
-131021
3350 (base 9) to base 10
2475
What is 132 (base 6) in base 2?
111000
238 (base 10) to base 15
10d
110224 (base 5) to base 15
11e4
-1787 (base 11) to base 2
-100011100001
Convert 28387 (base 9) to base 13.
8a0a
Convert -7768 (base 10) to base 4.
-1321120
311463 (base 7) to base 12
26aa6
Convert -145c8 (base 14) to base 7.
-300241
-39968 (base 10) to base 14
-107cc
Convert -27a0 (base 13) to base 10.
-5707
-1122100 (base 3) to base 5
-14242
What is 2153 (base 9) in base 4?
120303
Convert 12593 (base 11) to base 10.
18010
-10100111110 (base 2) to base 6
-10114
Convert -8bc1 (base 14) to base 2.
-101111011010101
What is 1395 (base 14) in base 4?
312013
1010010011101101 (base 2) to base 9
63822
cc0c (base 14) to base 5
2112132
Convert -10003312 (base 4) to base 10.
-16630
What is -1031010 (base 4) in base 5?
-124212
What is -185 (base 14) in base 3?
-102121
What is 10021 (base 3) in base 11?
80
-1304 (base 6) to base 16
-148
Convert -101334 (base 6) to base 2.
-1111110111010
What is 1101000110110 (base 2) in base 16?
1a36
What is -124131 (base 7) in base 14?
-8588
What is -1760 (base 13) in base 11?
-2664
Convert 2427 (base 8) to base 14.
691
47 (base 10) to base 11
43
2033 (base 8) to base 13
62b
What is -10022101 (base 3) in base 14?
-c45
What is 436 (base 9) in base 6?
1353
What is 45425 (base 7) in base 10?
11534
362620 (base 7) to base 16
1011d
What is 12304 (base 10) in base 11?
9276
What is 100202 (base 6) in base 2?
1111010101010
What is 7dc (base 14) in base 7?
4365
10010011001001 (base 2) to base 13
4395
2163 (base 9) to base 8
3074
What is -10530 (base 6) in base 16?
-5d6
What is -244211 (base 5) in base 11?
-6aa0
What is 4a6 (base 11) in base 4?
21120
What is -52553 (base 9) in base 10?
-34716
Convert -200332 (base 4) to base 7.
-6103
What is 31033 (base 4) in base 7?
2320
Convert 250 (base 10) to base 7.
505
Convert 8156 (base 9) to base 12.
3550
What is 14339 (base 10) in base 2?
11100000000011
What is -24235 (base 7) in base 2?
-1100010011010
-2c4 (base 15) to base 14
-334
1c0 (base 13) to base 14
193
6184 (base 9) to base 16
11b3
9bd (base 15) to base 4
202123
What is 2713 (base 13) in base 16?
15d9
What is -6f (base 16) in base 2?
-1101111
What is 13b2 (base 16) in base 4?
1032302
5030 (base 6) to base 8
2112
174 (base 15) to base 13
1c9
-10b2 (base 16) to base 10
-4274
Convert -1010000000001 (base 2) to base 13.
-243c
173 (base 11) to base 8
311
What is 7a4 (base 12) in base 3?
1112221
528 (base 14) to base 12
708
Convert -1956 (base 10) to base 15.
-8a6
4289 (base 10) to base 12
2595
Convert -154435 (base 6) to base 8.
-35667
75d3 (base 16) to base 6
351351
1128 (base 9) to base 12
598
-20301 (base 4) to base 12
-3a9
5018 (base 11) to base 6
50522
6034 (base 13) to base 2
11001110101001
Convert -20500 (base 6) to base 5.
-42042
Convert -1990a (base 12) to base 16.
-92da
What is -362a (base 11) in base 7?
-16565
Convert b7 (base 16) to base 8.
267
2a93 (base 12) to base 3
20212110
Convert -3650 (base 11) to base 13.
-2233
What is -774 (base 14) in base 5?
-21344
What is 10c (base 15) in base 10?
237
-4313 (base 6) to base 13
-5a6
Convert 29c6 (base 16) to base 2.
10100111000110
Convert -21211211 (base 3) to base 6.
-42251
Convert -b0 (base 16) to base 6.
-452
Convert 12111 (base 4) to base 3.
120000
3223100 (base 4) to base 7
61616
Convert -2222020222 (base 3) to base 7.
-332402
Convert 14055 (base 11) to base 10.
20025
What is 20211 (base 5) in base 8?
2432
Convert -1001001110110 (base 2) to base 14.
-1a18
What is 111001110010 (base 2) in base 8?
7162
What is -82aa (base 12) in base 4?
-3132202
What is -10788 (base 10) in base 4?
-2220210
Convert -3346 (base 15) to base 10.
-10866
Convert -13020 (base 4) to base 14.
-248
What is 11a71 (base 11) in base 10?
17260
Convert 23a (base 14) to base 11.
374
Convert -97d (base 16) to base 3.
-10022222
What is -310404 (base 7) in base 6?
-1045250
Convert 100101011011011 (base 2) to base 4.
10223123
What is 22200 (base 3) in base 16?
ea
Convert -22731 (base 13) to base 8.
-172423
-23cc (base 13) to base 15
-177e
Convert 229d (base 15) to base 14.
296c
What is -2c4 (base 16) in base 8?
-1304
Convert -2111 (base 4) to base 9.
-175
What is -35500 (base 6) in base 14?
-1c3a
Convert 1442 (base 5) to base 12.
187
Convert 3375 (base 13) to base 14.
289c
What is -100000101101 (base 2) in base 3?
-2212112
What is -12200003 (base 4) in base 5?